709, 478937
List the prime factors of 38414692.
2, 23, 71, 5881
List the prime factors of 682202421.
3, 75800269
List the prime factors of 2065700209.
17, 121511777
What are the prime factors of 92564573?
47, 1969459
List the prime factors of 10637998.
2, 7, 73, 1487
List the prime factors of 1094876852.
2, 2693, 101641
List the prime factors of 5367824.
2, 7, 11, 4357
List the prime factors of 69959044.
2, 1453, 12037
List the prime factors of 2682273823.
23, 43, 277, 9791
What are the prime factors of 355435207?
355435207
List the prime factors of 708172392.
2, 3, 23, 1019, 1259
List the prime factors of 58222266.
2, 3, 9703711
What are the prime factors of 19601308?
2, 53, 92459
List the prime factors of 24896977.
7, 3556711
What are the prime factors of 40943134?
2, 1399, 14633
List the prime factors of 33372176.
2, 433, 4817
What are the prime factors of 736733335?
5, 13, 17, 666727
What are the prime factors of 60115264?
2, 11, 17, 5023
List the prime factors of 227679513.
3, 4111, 18461
List the prime factors of 18151293.
3, 6050431
What are the prime factors of 700220345?
5, 11, 41, 28229
What are the prime factors of 150924262?
2, 7591, 9941
List the prime factors of 5092993360.
2, 5, 7, 13, 139, 719
List the prime factors of 92635082.
2, 311, 148931
List the prime factors of 22486904.
2, 11, 31, 8243
List the prime factors of 25287705.
3, 5, 113, 4973
What are the prime factors of 217170951?
3, 2957, 24481
List the prime factors of 236708484.
2, 3, 4243, 4649
What are the prime factors of 3029873135?
5, 151, 157, 25561
List the prime factors of 878228319.
3, 2399, 122027
List the prime factors of 156757062.
2, 3, 7, 11, 311, 1091
What are the prime factors of 538880143?
538880143
What are the prime factors of 241682298?
2, 3, 11, 13, 23, 37, 331
List the prime factors of 39244572.
2, 3, 1090127
What are the prime factors of 95598209?
7, 13656887
List the prime factors of 36879667.
11, 719, 4663
What are the prime factors of 325367710?
2, 5, 293, 379
List the prime factors of 20248402.
2, 193, 52457
List the prime factors of 175143789.
3, 29, 74561
What are the prime factors of 57821197?
7, 43, 192097
List the prime factors of 107240415.
3, 5, 7149361
List the prime factors of 428049101.
428049101
What are the prime factors of 42017816?
2, 19, 491, 563
What are the prime factors of 182778886?
2, 587, 155689
What are the prime factors of 1086970753?
11, 19, 1319, 3943
What are the prime factors of 239067174?
2, 3, 59, 61, 11071
What are the prime factors of 157396817?
19, 881, 9403
What are the prime factors of 1182987223?
11, 107544293
List the prime factors of 967516918.
2, 109, 4438151
What are the prime factors of 2348639215?
5, 13, 139, 259949
What are the prime factors of 135463047?
3, 45154349
What are the prime factors of 117212338?
2, 71, 825439
List the prime factors of 2296240138.
2, 1543, 744083
What are the prime factors of 728854933?
137, 971, 5479
List the prime factors of 1466977375.
5, 23, 510253
What are the prime factors of 2129297719?
17, 19, 37, 178169
List the prime factors of 32421281.
32421281
What are the prime factors of 36999477?
3, 67, 113, 181
List the prime factors of 1918956868.
2, 281, 1707257
List the prime factors of 293390548.
2, 11, 43, 155069
List the prime factors of 91870545.
3, 5, 13, 41, 11491
What are the prime factors of 132340289?
113, 499, 2347
What are the prime factors of 453887147?
7, 9263003
What are the prime factors of 1107485675?
5, 47, 942541
What are the prime factors of 93304924?
2, 23326231
What are the prime factors of 749853676?
2, 11, 13, 7757
What are the prime factors of 5701275?
3, 5, 25339
What are the prime factors of 45686053?
7, 53, 123143
What are the prime factors of 151480460?
2, 5, 7574023
What are the prime factors of 137162667?
3, 127, 360007
What are the prime factors of 18786886?
2, 313, 30011
List the prime factors of 76150677.
3, 23, 1103633
List the prime factors of 93183031.
93183031
List the prime factors of 3883870020.
2, 3, 5, 37, 1749491
List the prime factors of 1281714259.
7, 183102037
What are the prime factors of 140576609?
140576609
What are the prime factors of 2038175685?
3, 5, 7, 13, 53, 9391
What are the prime factors of 504449642?
2, 8419, 29959
What are the prime factors of 2611833922?
2, 37, 35295053
List the prime factors of 81856689.
3, 27285563
What are the prime factors of 658167654?
2, 3, 109694609
List the prime factors of 30642626.
2, 7, 73, 29983
List the prime factors of 1497699336.
2, 3, 7, 8914877
What are the prime factors of 62930486?
2, 31465243
List the prime factors of 3570766845.
3, 5, 827, 287849
List the prime factors of 238969183.
89, 1511, 1777
List the prime factors of 91152839.
4483, 20333
What are the prime factors of 2096509513?
7, 17, 71, 248137
What are the prime factors of 23989938?
2, 3, 7, 179, 3191
What are the prime factors of 72010096?
2, 17, 264743
List the prime factors of 650514306.
2, 3, 13, 631, 13217
What are the prime factors of 1703255727?
3, 239, 541, 4391
List the prime factors of 223111646.
2, 541, 206203
What are the prime factors of 74238274?
2, 11, 3374467
What are the prime factors of 62816991?
3, 20938997
What are the prime factors of 36231035?
5, 7246207
List the prime factors of 7357063695.
3, 5, 1571, 312203
List the prime factors of 2354057407.
13, 149, 1215311
List the prime factors of 34729106.
2, 163, 106531
What are the prime factors of 82368947?
991, 83117
What are the prime factors of 528868813?
11, 48078983
What are the prime factors of 551363501?
13, 43, 986339
List the prime factors of 72539051.
13, 17, 383, 857
List the prime factors of 2890084863.
3, 963361621
List the prime factors of 188301911.
7, 17, 271, 5839
What are the prime factors of 50251153?
50251153
What are the prime factors of 1766969547?
3, 7, 2297, 5233
List the prime factors of 2911274271.
3, 107824973
List the prime factors of 4474021822.
2, 647, 3457513
What are the prime factors of 365525510?
2, 5, 7, 5221793
List the prime factors of 13297664.
2, 43, 151
List the prime factors of 6807119.
11, 137, 4517
What are the prime factors of 28904590?
2, 5, 11, 13, 17, 29, 41
List the prime factors of 51755196.
2, 3, 251, 17183
List the prime factors of 1126673079.
3, 7, 17, 101, 31247
What are the prime factors of 310465137?
3, 181, 571759
List the prime factors of 388876998.
2, 3, 3041, 21313
What are the prime factors of 2000523562?
2, 1409, 709909
List the prime factors of 54788139.
3, 7, 23, 37811
What are the prime factors of 54080033?
7, 47, 164377
List the prime factors of 25495993.
317, 80429
List the prime factors of 779904448.
2, 31, 393097
What are the prime factors of 107342827?
673, 159499
List the prime factors of 514174475.
5, 20566979
What are the prime factors of 124520100?
2, 3, 5, 269, 1543
What are the prime factors of 277416121?
37, 7497733
List the prime factors of 451037575.
5, 1913, 9431
What are the prime factors of 79532694?
2, 3, 4418483
What are the prime factors of 31869790?
2, 5, 3186979
What are the prime factors of 46547576?
2, 167, 34841
What are the prime factors of 5652518812?
2, 1413129703
List the prime factors of 63476550.
2, 3, 5, 23, 6133
What are the prime factors of 3786247468?
2, 9413, 100559
What are the prime factors of 2050195122?
2, 3, 113899729
What are the prime factors of 407718496?
2, 103, 123701
List the prime factors of 136794456.
2, 3, 1899923
List the prime factors of 97724643.
3, 32574881
What are the prime factors of 811860679?
7, 607, 191071
List the prime factors of 17829568.
2, 61, 4567
List the prime factors of 34179703.
59, 61, 9497
List the prime factors of 145205057.
37, 3924461
What are the prime factors of 313858275?
3, 5, 83, 127, 397
What are the prime factors of 602201449?
659, 913811
What are the prime factors of 38652529?
53, 729293
List the prime factors of 130886271.
3, 97, 313, 479
List the prime factors of 565987123.
13, 67, 649813
List the prime factors of 159502448.
2, 7, 389, 523
List the prime factors of 22759142.
2, 7, 29, 1933
What are the prime factors of 1139148202?
2, 89, 6399709
What are the prime factors of 1313953325?
5, 52558133
What are the prime factors of 61838055?
3, 5, 257, 5347
List the prime factors of 1155289978.
2, 17,